(0). Calculate the highest common divisor of z and x.
5
Let u be (1/(-2)*(-5 - -3))/1. Calculate the highest common divisor of 38 and u.
1
Let o(g) = g + 13. Let i be o(-9). Suppose -4*d + i*c = -6*d + 16, -2*d + 10 = c. Suppose -4*l = -d - 0. What is the highest common factor of 7 and l?
1
Let d(w) = 14*w + 14. Let b be d(7). What is the greatest common divisor of b and 7?
7
Let v be ((-104)/(-26))/(0 + 1). Suppose 4*y = j + 177, 3*j = y + 4*y - 223. What is the greatest common divisor of y and v?
4
Suppose 254 + 273 = 31*q. Let j(o) = 9*o + 1. Let v be j(-2). Let d be 14/(15/v - -1). Calculate the greatest common divisor of d and q.
17
Let a = 622 + -613. What is the greatest common factor of a and 2?
1
Let g(m) = 2*m**2 + 7*m - 7. Let a be g(-6). Suppose 12 = v - a. Calculate the highest common factor of v and 14.
7
Suppose 0 = -5*a + 5*z - 2*z + 4, 4*z = 4*a. Suppose 0 = -3*n - n - 5*v + 16, 0 = -a*v. Calculate the greatest common factor of 10 and n.
2
Let r = 1697 - 1655. Let l be ((-84)/(-9))/((-2)/(-3)). What is the greatest common divisor of l and r?
14
Suppose -10*k - 11 = -2*h - 15*k, 0 = 4*h - 3*k - 87. What is the highest common divisor of 48 and h?
6
Suppose a = 3*l + 4*a - 54, -5 = -5*a. Suppose 0 = -m + 5*p + l, 116 + 35 = 3*m + 5*p. Calculate the greatest common divisor of 105 and m.
21
Let m = 18 + 9. Suppose m = -v - 3*i, -3 = 2*i + 1. Let n be v/28 + 67/4. Calculate the greatest common factor of n and 128.
16
Let u be (0 + (-32)/20)/(6/(-15)). Suppose -4*m = -u, -3*f - 12 = -4*m - 95. Calculate the greatest common factor of f and 116.
29
Suppose x - 5*n = -7*n, 2*x - 15 = -n. Let f = x + 8. What is the greatest common factor of 6 and f?
6
Suppose -2*g - w + 3 + 41 = 0, -100 = -5*g - 5*w. Calculate the highest common factor of g and 42.
6
Let d = 300 + -281. Let m(b) = b**3 + 6*b**2 + 2*b - 5. Let a be m(-4). Calculate the greatest common divisor of d and a.
19
Let o = 6 - 5. Let y = -285 + 296. What is the greatest common factor of o and y?
1
Let l(z) = -10*z**2 - 2. Let r be l(-2). Let t be (-3)/((-45)/(-110))*r. What is the highest common factor of t and 28?
28
Let m = 151 - -35. Let b = 375 - m. What is the highest common divisor of b and 21?
21
Suppose 5*t = 3*t + 4. Let b be (-32)/(-4 + -4*(-1)/t). Let o(v) = -3*v + 1. Let m be o(-1). Calculate the highest common factor of b and m.
4
Let q(i) = i**3 - 15*i**2 + 10*i - 1. Let t be q(14). Let n = t - -107. Suppose -6*x + 25 = -5*x. What is the highest common factor of n and x?
25
Let q be 4/(-7)*((-9)/6 + -2). Suppose 0 = -2*j + 5*g + 47, -q*g + 0*g = j - 1. What is the highest common divisor of j and 99?
11
Let f = -271 - -318. Calculate the highest common factor of 94 and f.
47
Let f(s) = -14*s - 351. Let g be f(-54). Calculate the highest common factor of g and 180.
45
Let l = 293 + -199. Suppose l*f - 95*f = -176. What is the greatest common factor of 16 and f?
16
Let x be ((-444)/7)/(2/(-28)*2). What is the highest common divisor of 12 and x?
12
Suppose -16 - 20 = -2*k - w, k - 5*w - 18 = 0. What is the highest common divisor of k and 450?
18
Let t be ((5 - 0) + 96/(-40))*5. What is the highest common factor of 26 and t?
13
Let h(o) = -8*o + 14. Suppose 2*b - 28 = 6*b. Let l be h(b). What is the greatest common divisor of 28 and l?
14
Let b = -284 + 346. What is the highest common divisor of 496 and b?
62
Let a be (1 - (-20 - -3)) + (4 - 2). Let w be (-1)/(32/(-110) - (-4)/a). Calculate the highest common divisor of w and 88.
11
Let t = -7 - -6. Let k = 9 + t. Let p = -100 - -188. Calculate the highest common divisor of k and p.
8
Suppose 0 = -122*a + 112*a + 12950. Calculate the greatest common factor of a and 35.
35
Let k(u) = -16*u**2 + u + 2. Let h be k(-5). Let m = -235 - h. Let a be 447/21 - 4/14. What is the greatest common divisor of m and a?
21
Let d(n) = -n**2 - 41. Let k be d(0). Let h = 192 - k. Suppose 0 = -5*r + 242 + h. Calculate the greatest common divisor of r and 19.
19
Let k be (-246)/(-42) - 1/(-7). Let q be -1 + 222/12 - (-2)/4. What is the greatest common factor of q and k?
6
Suppose -4*j - 12 = 0, 3*f + 2*j - 1299 = 9. Calculate the greatest common divisor of 73 and f.
73
Suppose 1 = -2*k - 7. Let w(z) = -28*z + 7. Let b(u) = -14*u + 4. Let r(q) = 9*b(q) - 4*w(q). Let y be r(k). What is the greatest common factor of 16 and y?
16
Suppose -v + 25 = 4*v. Let w(c) = -c**2 + 17*c + 9. Let f be w(16). Calculate the highest common factor of f and v.
5
Let l = 66 + 9. Suppose -j + 40 = 3*k - 2*j, -5*k = -5*j - 50. Calculate the greatest common divisor of k and l.
15
Let q = 20 + -20. Suppose -4*v + 11 = u - 0, q = -3*u + 5*v - 18. Let y be (-1737)/(-15) + u/(-5). Calculate the highest common divisor of 29 and y.
29
Let m be -65*9/6*(-208)/130. Calculate the highest common factor of m and 18.
6
Let s = -104 - -181. Let z = s + -44. Let u = z - 10. What is the greatest common factor of 184 and u?
23
Let b be (2/6)/((-5)/(-315)*3). Calculate the greatest common factor of b and 175.
7
Suppose 212 = 16*v - 492. Calculate the greatest common factor of 55 and v.
11
Let z(d) = 7*d + 93. Let v be z(-11). Let r(x) = -x**3 + 6*x**2 + x. Let q be r(6). Suppose 3*b - q*b + 96 = 0. What is the highest common divisor of v and b?
16
Let b be 19/((15/(-20))/(42/(-8))). Let c be (1 + 4)*(-114)/(-15). Suppose 2*a + c = 4*a. Calculate the highest common factor of a and b.
19
Let w(t) = -4*t - 33. Let g be w(-9). What is the highest common divisor of 2 and g?
1
Let s(j) = -j**2 - 1. Let z(d) = 3*d**3 - 3*d**2 + 2*d. Let y(q) = 2*s(q) - z(q). Let x be y(-2). Calculate the greatest common divisor of x and 90.
30
Suppose -4 = -y + z + 10, 16 = -4*z. Let c = 40 - 15. What is the highest common factor of y and c?
5
Let j(r) = -2*r**2 + 48*r - 102. Let y be j(20). Calculate the greatest common divisor of y and 261.
29
Let l(c) = c**3 - 12*c**2 + 4. Let v be l(12). Let z be (-19 + -7)*(-2)/v. Let b = z - 10. Calculate the highest common divisor of 6 and b.
3
Let h = -20 + 20. Let m be (h/(-8))/(1*-2). Suppose 0 = -g + 2*i - i + 39, m = 5*i + 20. What is the greatest common factor of g and 14?
7
Suppose 2*n - r = 66, n + 3*r = 2*n - 33. Calculate the highest common divisor of n and 264.
33
Let r(q) = -q**2 + 5*q + 86. Let u be r(12). Calculate the greatest common divisor of 18 and u.
2
Let d be ((-68)/8)/(17/(-34)). What is the highest common divisor of d and 51?
17
Let c be (-1)/3 + (-125)/3. Suppose 4*d - 16 = -56. Let i be d*(c/4 + 2). What is the greatest common factor of i and 34?
17
Let a be 21314/22 - (-118)/649. Calculate the greatest common factor of a and 57.
57
Let q = -275 + 938. What is the highest common factor of 39 and q?
39
Suppose 17*u - 14*u - 15 = 0, 0 = -4*m - 2*u + 758. Suppose 0 = 3*w - 19 - 32. What is the greatest common factor of m and w?
17
Suppose 4*b - 8*b - 108 = 0. Let x = b - -90. Calculate the highest common divisor of x and 9.
9
Let w(a) = 16*a**2 + 3*a - 5. Let v be w(1). Calculate the greatest common divisor of v and 1694.
14
Let n be (-15)/(-5)*(-52)/(-39). What is the highest common factor of 10 and n?
2
Let i = 1 - -1. Suppose -5*n = -20, o = -6*n + 7*n + 42. Suppose 4*y - 4*p = -y + 59, 4*y - i*p - o = 0. What is the greatest common divisor of y and 88?
11
Let t = 1374 + -901. Calculate the highest common factor of 99 and t.
11
Let q be (46*(-4 - -5))/(16/8). Calculate the greatest common divisor of 299 and q.
23
Suppose -5*k - 43 = -268. Calculate the highest common divisor of 45 and k.
45
Let v(r) = 11*r + 22. Let x be v(7). Let f = 22 - 13. Calculate the greatest common divisor of x and f.
9
Suppose 26*g - 18*g = 1072. Calculate the highest common divisor of g and 67.
67
Let u(v) = 10*v - 68. Let m be u(9). Let r be 2 + (-20)/(-2) + -1. What is the highest common factor of r and m?
11
Let s = -7 + -44. Let t = 65 + s. Suppose -4*f - 55 = -9*f + 3*h, 2*f = -5*h + 53. Calculate the greatest common factor of t and f.
14
Suppose 116*l - 117*l - 699 = -5*i, -5*l = 2*i - 285. Calculate the highest common factor of 35 and i.
35
Suppose n + 76 = 3*g + 18, -3*g + 3 = 0. Let a = n - -59. Calculate the highest common divisor of a and 2.
2
Let k be ((-2 - 1) + 2)*(8 + -16). What is the greatest common factor of 68 and k?
4
Let o(p) = -278*p**2 -